) to base 2.
-10100100
What is 11000000 (base 2) in base 3?
21010
-17 (base 9) to base 10
-16
What is a (base 15) in base 7?
13
What is 13 (base 7) in base 12?
a
-11 (base 7) to base 16
-8
103 (base 4) to base 9
21
Convert -24 (base 13) to base 3.
-1010
-85 (base 14) to base 13
-90
-16 (base 9) to base 12
-13
335 (base 7) to base 9
212
Convert -82 (base 10) to base 3.
-10001
What is 4 (base 12) in base 11?
4
What is 110 (base 2) in base 16?
6
3 (base 16) to base 7
3
What is 1211 (base 4) in base 5?
401
-22 (base 10) to base 8
-26
-8 (base 15) to base 2
-1000
Convert 41 (base 13) to base 3.
1222
What is -11 (base 9) in base 13?
-a
What is -10 (base 2) in base 15?
-2
-42 (base 16) to base 4
-1002
-42 (base 9) to base 8
-46
What is 10 (base 2) in base 3?
2
a8 (base 14) to base 2
10010100
31 (base 11) to base 10
34
What is 24 (base 15) in base 3?
1021
-370 (base 10) to base 3
-111201
Convert -35 (base 10) to base 13.
-29
What is 1 (base 10) in base 7?
1
10 (base 2) to base 8
2
Convert -b (base 12) to base 5.
-21
What is 1 (base 6) in base 2?
1
Convert -87 (base 16) to base 6.
-343
What is 305 (base 6) in base 12?
95
Convert 3b (base 12) to base 6.
115
b (base 16) to base 8
13
-38 (base 9) to base 4
-203
-176 (base 15) to base 14
-1a0
What is 22 (base 12) in base 4?
122
What is 11 (base 7) in base 11?
8
What is -2031 (base 5) in base 14?
-150
What is 34 (base 6) in base 12?
1a
Convert -11010 (base 2) to base 10.
-26
What is -202 (base 4) in base 3?
-1021
What is -11 (base 12) in base 5?
-23
What is 2 (base 3) in base 14?
2
-2 (base 11) to base 16
-2
What is -21 (base 8) in base 11?
-16
100 (base 3) to base 12
9
What is 33 (base 6) in base 13?
18
What is -157 (base 8) in base 13?
-87
Convert 6 (base 15) to base 9.
6
What is 1 (base 6) in base 14?
1
34 (base 9) to base 7
43
14 (base 10) to base 9
15
-1011111 (base 2) to base 6
-235
Convert -10031 (base 4) to base 2.
-100001101
-12 (base 8) to base 5
-20
100 (base 3) to base 15
9
1e (base 16) to base 3
1010
2312 (base 4) to base 12
132
Convert -1102 (base 3) to base 14.
-2a
Convert 59 (base 16) to base 12.
75
Convert -34 (base 5) to base 14.
-15
What is 44 (base 13) in base 9?
62
Convert 14 (base 9) to base 13.
10
Convert 233 (base 9) to base 3.
21010
Convert 11c (base 13) to base 14.
dc
-3 (base 8) to base 12
-3
Convert 0 (base 15) to base 16.
0
Convert -21 (base 8) to base 15.
-12
Convert 4b (base 14) to base 8.
103
What is -8 (base 10) in base 7?
-11
Convert 2 (base 16) to base 2.
10
-1 (base 6) to base 8
-1
-29 (base 13) to base 11
-32
What is -11 (base 13) in base 10?
-14
Convert -10011 (base 2) to base 14.
-15
What is -80 (base 9) in base 6?
-200
What is 243 (base 5) in base 12?
61
Convert -33 (base 12) to base 4.
-213
What is -214 (base 6) in base 12?
-6a
What is 2112 (base 3) in base 5?
233
Convert -a (base 11) to base 7.
-13
Convert -31 (base 10) to base 14.
-23
What is -444 (base 5) in base 3?
-11121
What is -3 (base 8) in base 2?
-11
Convert -11 (base 3) to base 14.
-4
What is -21 (base 12) in base 15?
-1a
Convert f (base 16) to base 10.
15
What is 2 (base 5) in base 7?
2
What is -13 (base 4) in base 10?
-7
Convert -51 (base 11) to base 6.
-132
What is 4e (base 15) in base 9?
82
-112110 (base 3) to base 4
-12012
-1120 (base 5) to base 2
-10100000
-21 (base 12) to base 14
-1b
What is 56 (base 11) in base 6?
141
Convert -12 (base 11) to base 16.
-d
What is -1 (base 10) in base 11?
-1
4 (base 15) to base 9
4
What is 0 (base 8) in base 9?
0
What is -503 (base 6) in base 2?
-10110111
Convert -44 (base 12) to base 8.
-64
52 (base 6) to base 5
112
What is 0 (base 14) in base 6?
0
What is 205 (base 7) in base 16?
67
Convert -4 (base 9) to base 12.
-4
What is 8 (base 10) in base 4?
20
What is -22 (base 13) in base 5?
-103
64 (base 9) to base 13
46
42 (base 13) to base 16
36
4 (base 6) to base 12
4
What is -1 (base 2) in base 14?
-1
Convert -33 (base 7) to base 3.
-220
1201 (base 4) to base 6
241
2 (base 4) to base 13
2
-5 (base 16) to base 6
-5
What is a5 (base 11) in base 16?
73
Convert 4 (base 13) to base 6.
4
What is 0 (base 3) in base 12?
0
-11 (base 8) to base 5
-14
What is 24 (base 10) in base 13?
1b
What is 67 (base 9) in base 11?
56
What is 37 (base 16) in base 6?
131
What is 21 (base 15) in base 6?
51
a (base 15) to base 16
a
Convert 0 (base 13) to base 10.
0
What is 10010 (base 2) in base 12?
16
Convert -1 (base 10) to base 2.
-1
What is -3 (base 15) in base 10?
-3
Convert 3 (base 4) to base 12.
3
What is 2 (base 12) in base 8?
2
4 (base 15) to base 8
4
What is 71 (base 8) in base 9?
63
Convert -64 (base 8) to base 3.
-1221
34 (base 15) to base 16
31
4 (base 10) to base 13
4
Convert -32 (base 4) to base 6.
-22
2 (base 6) to base 10
2
Convert -10 (base 15) to base 6.
-23
Convert -1 (base 15) to base 11.
-1
What is -22 (base 5) in base 16?
-c
What is -2 (base 14) in base 16?
-2
What is 10 (base 2) in base 12?
2
34 (base 7) to base 14
1b
What is -10 (base 4) in base 14?
-4
Convert 20 (base 4) to base 11.
8
23 (base 10) to base 4
113
234 (base 6) to base 13
73
Convert -10 (base 3) to base 2.
-11
Convert 2 (base 4) to base 16.
2
Convert 8d (base 16) to base 15.
96
What is 524 (base 8) in base 15?
17a
-9 (base 12) to base 11
-9
What is 12 (base 4) in base 10?
6
Convert 4 (base 13) to base 14.
4
Convert -32 (base 8) to base 14.
-1c
Convert 49 (base 12) to base 15.
3c
What is 20 (base 5) in base 13?
a
What is -12 (base 6) in base 15?
-8
-120 (base 6) to base 10
-48
Convert 2 (base 6) to base 15.
2
Convert 1102 (base 4) to base 7.
145
What is 223 (base 5) in base 7?
120
Convert 4 (base 12) to base 2.
100
-1 (base 15) to base 5
-1
Convert 100101 (base 2) to base 10.
37
10201 (base 3) to base 15
6a
Convert -1c (base 15) to base 16.
-1b
a (base 14) to base 5
20
Convert -16 (base 13) to base 6.
-31
What is 1 (base 6) in base 2?
1
What is -205 (base 11) in base 9?
-304
What is 1 (base 2) in base 6?
1
5 (base 8) to base 16
5
Convert -128 (base 16) to base 13.
-19a
b9 (base 14) to base 7
322
-58 (base 11) to base 13
-4b
Convert -43 (base 7) to base 14.
-23
What is 29 (base 16) in base 13?
32
-3 (base 4) to base 15
-3
What is -3 (base 15) in base 9?
-3
-167 (base 11) to base 14
-dc
What is -11 (base 2) in base 9?
-3
2 (base 8) to base 5
2
3 (base 13) to base 5
3
Convert -40 (base 10) to base 13.
-31
Convert 13 (base 14) to base 3.
122
31 (base 4) to base 14
d
Convert -53 (base 9) to base 7.
-66
What is -3 (base 6) in base 13?
-3
What is 1 (base 4) in base 5?
1
What is 3a (base 15) in base 12?
47
1213 (base 4) to base 2
1100111
-5 (base 16) to base 11
-5
1d (base 15) to base 3
1001
-11012 (base 3) to base 4
-1301
What is 74 (base 8) in base 11?
55
Convert -1014 (base 5) to base 15.
-8e
4 (base 16) to base 5
4
What is -33 (base 5) in base 7?
-24
What is -11 (base 7) in base 10?
-8
0 (base 4) to base 7
0
What is -4 (base 15) in base 9?
-4
431 (base 8) to base 7
551
Convert 110 (base 2) to base 4.
12
What is -5 (base 9) in base 3?
-12
Convert 5 (base 8) to base 11.
5
What is -1b0 (base 12) in base 10?
-276
Convert 4 (base 7) to base 11.
4
What is -21 (base 3) in base 15?
-7
Convert 0 (base 13) to base 9.
0
What is -49 (base 10) in base 12?
-41
11 (base 13) to base 2
1110
Convert -12011 (base 3) to base 13.
-a9
Convert 10 (base 15) to base 8.
17
Convert -a (base 11) to base 16.
-a
Convert -94 (base 10) to base 12.
-7a
Convert -11 (base 4) to base 9.
-5
What is 1 (base 11) in base 5?
1
-2 (base 15) to base 14
-2
What is -45 (base 14) in base 5?
-221
-c (base 16) to base 6
-20
What is 33 (base 12) in base 9?
43
Convert -2 (base 14) to base 15.
-2
Convert -5 (base 13) to base 7.
-5
-3 (base 16) to base 4
-3
-1 (base 5) to base 3
-1
What is -6 (base 13) in base 3?
-20
-124 (base 9) to base 3
-10211
-10 (base 5) to base 13
-5
Convert 1001 (base 3) to base 14.
20
What is 12 (base 14) in base 11?
15
Convert -1a (base 15) to base 9.
-27
-1011000 (base 2) to base 16
-58
Convert -12 (base 8) to base 14.
-a
-10001 (base 2) to base 6
-25
Convert -16 (base 7) to base 6.
-21
What is b2 (base 15) in base 3?
20012
0 (base 15) to base 12
0
-4 (base 10) to base 2
-100
What is 1211 (base 3) in base 16?
31
10 (base 8) to base 4
20
-4 (base 14) to base 12
-4
Convert c2 (base 13) to base 16.
9e
What is -100110 (base 2) in base 